{"id":69,"date":"2024-07-11T15:56:28","date_gmt":"2024-07-11T06:56:28","guid":{"rendered":"http:\/\/shizuoka-kaigai.com\/vietnamese\/?page_id=69"},"modified":"2024-07-11T15:57:24","modified_gmt":"2024-07-11T06:57:24","slug":"takamori","status":"publish","type":"page","link":"https:\/\/shizuoka-kaigai.com\/vietnamese\/takamori","title":{"rendered":"C\u00f4ng ty c\u1ed5 ph\u1ea7n Takamori Shoten"},"content":{"rendered":"\n<figure class=\"wp-block-image size-full is-resized\"><img loading=\"lazy\" src=\"http:\/\/shizuoka-kaigai.com\/wp-content\/uploads\/2024\/07\/03_Takamori_Shoten.jpg\" alt=\"\" class=\"wp-image-855\" width=\"751\" height=\"701\"\/><\/figure>\n\n\n\n<div style=\"height:20px\" aria-hidden=\"true\" class=\"wp-block-spacer\"><\/div>\n\n\n\n<div class=\"about-text\">\n<p class=\"about-title\">C\u00f4ng ty c\u1ed5 ph\u1ea7n Takamori Shoten<\/p>\n<p>&#8220;Tr\u00e0 xanh ngon h\u01a1n cho kh\u00e1ch h\u00e0ng c\u1ee7a ch\u00fang t\u00f4i!&#8221; \u0110\u00e2y l\u00e0 suy ngh\u0129 m\u00e0 Takamori Shoten \u0111\u00e3 n\u1ed7 l\u1ef1c s\u1ea3n xu\u1ea5t tr\u00e0 xanh k\u1ec3 t\u1eeb khi th\u00e0nh l\u1eadp. Ch\u00fang t\u00f4i \u0111\u00e3 kh\u00f4ng ng\u1eebng t\u00ecm t\u00f2i c\u00e1c ph\u01b0\u01a1ng ph\u00e1p s\u1ea3n xu\u1ea5t, t\u1eeb h\u1ea5p \u0111\u1ebfn ho\u00e0n thi\u1ec7n, \u0111\u1ec3 ng\u01b0\u1eddi ti\u00eau d\u00f9ng c\u00f3 th\u1ec3 y\u00ean t\u00e2m u\u1ed1ng tr\u00e0 xanh th\u01a1m ngon, \u0111\u1ed3ng th\u1eddi mang l\u1ea1i h\u01b0\u01a1ng v\u1ecb v\u00e0 m\u00f9i th\u01a1m m\u00e0 ng\u01b0\u1eddi tr\u1ed3ng tr\u00e0 mong \u0111\u1ee3i. V\u1edbi ph\u01b0\u01a1ng ch\u00e2m &#8220;Tr\u00e0 xanh ngon h\u01a1n cho kh\u00e1ch h\u00e0ng!&#8221;, ch\u00fang t\u00f4i mong mu\u1ed1n &#8220;t\u1ea1o ra tr\u00e0 xanh th\u01a1m ngon&#8221; \u0111\u00e1ng tin c\u1eady h\u01a1n, \u0111\u1ed3ng th\u1eddi c\u0169ng quan t\u00e2m \u0111\u1ebfn c\u00e1c kh\u00eda c\u1ea1nh m\u00f4i tr\u01b0\u1eddng.<\/p>\n<\/div>\n\n\n\n<figure class=\"wp-block-image size-full\"><img src=\"http:\/\/shizuoka-kaigai.com\/wp-content\/uploads\/2024\/07\/04_Takamori_Shoten.jpg\" alt=\"\" class=\"wp-image-856\"\/><\/figure>\n\n\n\n<div style=\"height:20px\" aria-hidden=\"true\" class=\"wp-block-spacer\"><\/div>\n\n\n\n<div class=\"wp-container-3 wp-block-columns are-vertically-aligned-center\">\n<div class=\"wp-container-1 wp-block-column is-vertically-aligned-center\" style=\"flex-basis:70%\"><div class=\"wp-block-image\">\n<figure class=\"aligncenter size-large\"><img src=\"http:\/\/shizuoka-kaigai.com\/wp-content\/uploads\/2024\/07\/05_Takamori_Shoten.jpg\" alt=\"\"\/><\/figure><\/div>\n\n\n<p><\/p>\n<\/div>\n\n\n\n<div class=\"wp-container-2 wp-block-column is-vertically-aligned-center\" style=\"flex-basis:26%\"><div class=\"wp-block-image\">\n<figure class=\"aligncenter size-large\"><img src=\"http:\/\/shizuoka-kaigai.com\/wp-content\/uploads\/2024\/07\/06_Takamori_Shoten.jpg\" alt=\"\"\/><\/figure><\/div><\/div>\n<\/div>\n\n\n\n<div style=\"height:20px\" aria-hidden=\"true\" class=\"wp-block-spacer\"><\/div>\n\n\n\n<figure class=\"wp-block-image size-full\"><a href=\"https:\/\/www.fukamushi.jp\/\" target=\"_blank\" rel=\"noopener\"><img src=\"http:\/\/shizuoka-kaigai.com\/wp-content\/uploads\/2024\/07\/07_Takamori_Shoten.jpg\" alt=\"\" class=\"wp-image-859\"><\/a><\/figure>\n","protected":false},"excerpt":{"rendered":"<p>C\u00f4ng ty c\u1ed5 ph\u1ea7n Takamori Shoten &#8220;Tr\u00e0 xanh ngon h\u01a1n cho kh\u00e1ch h\u00e0ng c\u1ee7a ch\u00fang t\u00f4i!&#8221; \u0110\u00e2y l\u00e0 suy ngh\u0129 m\u00e0 Takamori Shoten \u0111\u00e3 n\u1ed7 l\u1ef1c s\u1ea3n xu\u1ea5t tr\u00e0 xanh k\u1ec3 t\u1eeb khi th\u00e0nh l\u1eadp. Ch\u00fang t\u00f4i \u0111\u00e3 kh\u00f4ng ng\u1eebng t\u00ecm t\u00f2i c\u00e1c ph\u01b0\u01a1ng ph\u00e1p s\u1ea3n xu\u1ea5t, t\u1eeb h\u1ea5p \u0111\u1ebfn ho\u00e0n thi\u1ec7n, \u0111\u1ec3 ng\u01b0\u1eddi ti\u00eau [&hellip;]<\/p>\n","protected":false},"author":1,"featured_media":0,"parent":0,"menu_order":0,"comment_status":"closed","ping_status":"closed","template":"","meta":[],"_links":{"self":[{"href":"https:\/\/shizuoka-kaigai.com\/vietnamese\/wp-json\/wp\/v2\/pages\/69"}],"collection":[{"href":"https:\/\/shizuoka-kaigai.com\/vietnamese\/wp-json\/wp\/v2\/pages"}],"about":[{"href":"https:\/\/shizuoka-kaigai.com\/vietnamese\/wp-json\/wp\/v2\/types\/page"}],"author":[{"embeddable":true,"href":"https:\/\/shizuoka-kaigai.com\/vietnamese\/wp-json\/wp\/v2\/users\/1"}],"replies":[{"embeddable":true,"href":"https:\/\/shizuoka-kaigai.com\/vietnamese\/wp-json\/wp\/v2\/comments?post=69"}],"version-history":[{"count":1,"href":"https:\/\/shizuoka-kaigai.com\/vietnamese\/wp-json\/wp\/v2\/pages\/69\/revisions"}],"predecessor-version":[{"id":70,"href":"https:\/\/shizuoka-kaigai.com\/vietnamese\/wp-json\/wp\/v2\/pages\/69\/revisions\/70"}],"wp:attachment":[{"href":"https:\/\/shizuoka-kaigai.com\/vietnamese\/wp-json\/wp\/v2\/media?parent=69"}],"curies":[{"name":"wp","href":"https:\/\/api.w.org\/{rel}","templated":true}]}}